t the prime factors of (g/(-7) + 1)*-7.
2, 3
Let o = 736 - 99. List the prime factors of o.
7, 13
Let h = 8 - 12. Let a be 3 + 0 - 3 - h. Suppose 4*v + 54 = 3*f, 0 = a*v - v. List the prime factors of f.
2, 3
Let b(r) = -482*r. What are the prime factors of b(-1)?
2, 241
Let r = -1643 - -2673. What are the prime factors of r?
2, 5, 103
Let u be ((-262)/8 + 3)*-20. Suppose 5*s + 4*x = u, 3*x - x - 113 = -s. List the prime factors of s.
3, 41
Let k(s) = 2*s**2 - 5*s + 7. Let o be k(5). Let d = o - 17. Suppose -5*g - 5*b = -170, 0 = g + 2*b - 21 - d. What are the prime factors of g?
2
Suppose 3*d = -8*d + 2134. What are the prime factors of d?
2, 97
Let t = -163 - -104. Let m = t - -147. What are the prime factors of m?
2, 11
Let q be (-1)/6 - 217/(-42). What are the prime factors of -10*1/((-2)/q)?
5
Let r = -23 + 62. Let f be (1 - -2 - r) + -2. Let l = -9 - f. What are the prime factors of l?
29
Suppose -46*n - 21205 = -125441. What are the prime factors of n?
2, 11, 103
Let t(m) = -13*m + 4. Let l be t(-7). Suppose -391 = -6*d + l. List the prime factors of d.
3
Suppose 0*n + 4*n - 88 = -2*f, 3*f - 6 = 0. What are the prime factors of (-12)/28 + 2235/n?
2, 53
Let c(o) = -5*o**3 - 5*o**2 + 5*o - 3. Let h(t) = 18*t - 11*t**2 - 10*t**3 - 7*t - 1 - 6. Let i(d) = -7*c(d) + 3*h(d). List the prime factors of i(2).
2, 11
Let t = 72 - -30. Suppose 3*w + 5*j + 256 = 0, -w - 6*j = -j + t. Let y = w - -129. List the prime factors of y.
2, 13
Suppose -8*d + 770 = 3*d. Let i = d + -54. What are the prime factors of i?
2
Suppose -4*d + 5*p + 2 = 0, p = 2*d + 2*p + 6. Let x(g) = 2*g**2 - 2*g - 2. Let v be x(d). Suppose 9*f - v*f = -22. List the prime factors of f.
2, 11
Let j = -105 - -419. What are the prime factors of j?
2, 157
Let v(m) = m**3 - 26*m**2 + 13*m + 1. List the prime factors of v(26).
3, 113
Let u be 6/2 - 2 - 6. Let p(h) = -h**2 - 7*h - 5. Let k be p(u). Suppose -k*o - r + 191 = 0, -2*o + 7*o - 2*r = 188. List the prime factors of o.
2, 19
Suppose 0 = 5*g + f - 26 - 17, -5*g = -3*f - 51. Suppose -2*u + 8 + 0 = 0. Suppose g = -u*s + 53. List the prime factors of s.
11
Suppose 0 = p - 3*p + 14. List the prime factors of p/((-14)/(-148)) + (0 - 0).
2, 37
Suppose -1949 = -3*d - 5*i, 548 = 4*d - 5*i - 2109. List the prime factors of d.
2, 7, 47
Let c be (-2)/11 + (-7956)/286. Suppose 3*t - 111 = 3*m, 6*t - 3*t - 4*m = 116. Let y = c + t. List the prime factors of y.
2
What are the prime factors of ((-452)/(-10))/((49/(-35))/(-7))?
2, 113
Suppose 23*l = 31*l - 11432. List the prime factors of l.
1429
Let p = -27 - -81. List the prime factors of (p/(-45))/((-2)/115).
3, 23
Suppose 0 = 46*i + 213 - 1409. Let m be 2/4*-3*-2. List the prime factors of (8/m)/(i/195).
2, 5
Let q be 14*15/(-40) + 2/8. List the prime factors of (-2 - (-196)/q)/((-14)/35).
103
Suppose -13*t = -8*t + 1580. Let o = -197 - t. Suppose 0 = -3*z - 4*i + 80 + 47, 3*z - o = -2*i. List the prime factors of z.
37
Let a(q) = q**2 - 13*q - 21. Let j be a(15). Suppose 0 = -l + j - 7. Suppose l*v + v = 207. List the prime factors of v.
3, 23
Suppose -3*u + 4 = -4*u. Suppose -2*x - 3*f + 21 = 0, -2*x = 3*f - 6*f + 9. List the prime factors of x/u + 459/36.
2, 3
Let x = 20 - 17. What are the prime factors of (-54)/(-15) - x - 860/(-25)?
5, 7
Suppose 9*z - 13*z = -2*y - 1352, 0 = 3*z - 2*y - 1016. What are the prime factors of z?
2, 3, 7
Suppose -4*i + 2*a + 4057 = i, -4*a = 4. List the prime factors of i.
811
Suppose -4 = -d - 3. List the prime factors of 1859/22 + (0 - d/(-2)).
5, 17
Let i = 8983 + -5892. List the prime factors of i.
11, 281
Suppose 3*g - 108 = -g. Let i = g + -1. What are the prime factors of i?
2, 13
Let d(x) = 102*x**2 - 7*x - 8. Let p be d(-1). Let t = p - -69. List the prime factors of t.
2, 5, 17
Let w = -904 - -127. Let h = -66 - w. What are the prime factors of h/27 + (-2)/6?
2, 13
Let k be (-4)/14 + 149/7. Let f(p) = -p**3 + 3*p**2 + 5*p + 12. Let a be f(0). Suppose g = k + a. What are the prime factors of g?
3, 11
Let s = 2714 - 1262. List the prime factors of s.
2, 3, 11
List the prime factors of 15/10*((-4010)/(-6) + -3).
2, 499
Let p(m) = 47*m + 5. Let d(z) = 140*z + 14. Let r(c) = 3*d(c) - 8*p(c). What are the prime factors of r(2)?
2, 3, 5
Suppose -2 = -4*u + 18. Let y be (-9)/6*(0 - -6). Let t = u - y. What are the prime factors of t?
2, 7
Let y(j) = j**2 - j + 1. Let w be y(3). Suppose -5*q - 1 = -11. Suppose -q*o = -3*r + w*r - 54, r = 0. List the prime factors of o.
3
Let f(g) = 2*g**2 - 26*g - 58. List the prime factors of f(36).
2, 17, 47
Let a = 16 - 8. Suppose a*w = -4*w + 324. List the prime factors of w.
3
Suppose 5*d = -5*m - 12 + 2, -m + 10 = -2*d. Suppose l - m*l = -5*s + 51, -5*l = -5*s + 35. List the prime factors of s.
11
Let h(w) = -w**3 - 41*w**2 - 25*w - 86. What are the prime factors of h(-41)?
3, 313
Suppose -613 = 4*i + 3*s - 5412, -4*s = -3*i + 3568. What are the prime factors of i?
2, 13, 23
List the prime factors of 0 + 320 - (-1 + -6 + 4).
17, 19
Let v(y) = -2*y + 12. Let f be v(6). Suppose f = -5*x + 5*h - 135, -3*x - 41 = h + 28. Let j = x - -36. What are the prime factors of j?
2, 3
Let h(c) = -13*c. Let f be h(-1). Let u(z) = -z**3 + 14*z**2 - 14*z + 16. Let o be u(f). List the prime factors of (-60)/o*(-21)/12.
5, 7
Suppose 0 = -59*m + 61*m + 2, 0 = -2*j - 5*m + 1029. List the prime factors of j.
11, 47
Let k = 980 - 533. What are the prime factors of k?
3, 149
What are the prime factors of (-67920)/(-96)*12/10?
3, 283
Let x(l) = 483*l - 10. Let f be x(1). Let q = f + -152. List the prime factors of q.
3, 107
Let a = 315 + -311. Let i = -6 + 14. Suppose 0 = -6*h + a*h + i. List the prime factors of h.
2
Let p = 264 - 153. What are the prime factors of p?
3, 37
Let w be (-52)/(-48)*2 - 6/36. Suppose -w*z + o + 580 = 0, 0*o = -4*z + 3*o + 1164. What are the prime factors of z?
2, 3
Let q be (-1 - 0)*2 + 40. Let n = 79 - q. List the prime factors of n.
41
Let s = -251 - -272. List the prime factors of s.
3, 7
Suppose 0 = -14*q + 5549 + 1731. List the prime factors of q.
2, 5, 13
Suppose 2*c = -2*c + 28. Suppose -3*w = q + c, -5*q = 2*w - q + 8. Let m(r) = -5*r + 1. List the prime factors of m(w).
11
Suppose 0*l - 19 = -2*l + 3*q, 4*l - 29 = 3*q. Let u be (-10)/(-4)*8/l. What are the prime factors of (23/u)/(2/16)?
2, 23
Suppose 2935 = 3*k - o, 0 = 7*k - 12*k + 5*o + 4875. List the prime factors of k.
2, 5, 7
Let q(u) = 92*u + 26. What are the prime factors of q(8)?
2, 3, 127
Let d be 6*((-15)/6 + 3). Suppose 2*s + 4*v = -8, 7*s + 56 = d*s + 2*v. Let r = s + 30. List the prime factors of r.
2, 3
Let j(p) = -2*p - 9. Let g be j(-3). Let u(b) = -b**3 + 3*b**2 + 2*b - 7. What are the prime factors of u(g)?
41
Let m(h) = -h**2 + 11*h + 16. Let z be m(14). Let i = z - -52. What are the prime factors of i?
2, 13
Let t(y) = 2*y**3 - 33*y**2 - 15*y + 13. What are the prime factors of t(18)?
5, 11, 13
Let c be (4/(-6))/(18/(-324)). Suppose c*s - 1411 = 2045. What are the prime factors of s?
2, 3
Let q = 29 - 31. List the prime factors of (-1)/((q/15)/(4 + -2)).
3, 5
Let a be 7612/34 - 12/(-102). Let h = -92 + a. List the prime factors of h.
2, 3, 11
Let x = 1 + 2. Let q = 82 - -22. Suppose m + x*m = q. What are the prime factors of m?
2, 13
Let q(t) = 113*t**3 - t. Let f be q(1). Suppose -2*u = -544 + f. Suppose 4*r + 5*z + 39 = 217, u = 5*r + 3*z. What are the prime factors of r?
2, 3, 7
Suppose -196*m - 2425 = -201*m. What are the prime factors of m?
5, 97
Let x be (-376)/(-10) + 8/20. Let j = -27 + x. What are the prime factors of j?
11
Suppose 3*p = p + 10. Suppose 3 = 5*l + 18, p*h = -l + 97. What are the prime factors of (-9)/(-15) + 328/h?
17
Let u(c) = -13*c**3 - 16*c**2 + 5*c. List the prime factors of u(-4).
2, 139
Let s(c) = -8*c - 3. Let h be s(5). Let k = 26 + h. Let n(q) = -2*q + 10. What are the prime factors of n(k)?
2, 11
Let q(i) = -8*i + 109. Let p(z) = 2*z - 27. Let b(c) = -9*p(c) - 2*q(c). Let x be ((-12)/3 - -5) + -1. List the prime factors of b(x).
5
Let o(i) = -i + 9. Let w be o(4). Suppose -3 = -w*z + 7. Suppose z*s + 9 = 5*s, 2*r = -2*s + 122. List the prime factors of r.
2, 29
Let t(f) = f**2 - 9. Let k be t(-6). Suppose 0 = 4*v - k - 185. List the prime factors of v.
53
Let g = 16 + -16. Suppose g = -r + 3*y